*l - 210. What is the greatest common divisor of 14 and l?
14
Let u = -1 - -21. Let d = u + -2. What is the greatest common factor of d and 198?
18
Let r(w) = 3*w**2 - 6*w + 8. Let q be r(2). What is the highest common divisor of q and 72?
8
Suppose 8*j - 60 = 3*j. Suppose t + 2 = j. What is the greatest common divisor of t and 50?
10
Let i(o) = 23*o + 20. Let k be i(5). Calculate the highest common factor of k and 15.
15
Let w = 35 + 37. What is the greatest common factor of w and 8?
8
Let r(y) = 112*y**2. Let a be ((-2)/5)/(10/(-25)). Let l be r(a). Let u = -16 - -32. Calculate the greatest common factor of u and l.
16
Let f be ((-2)/(-4))/(4/16). Suppose 10 = -f*k + 3*k. Calculate the highest common divisor of 10 and k.
10
Let t(s) be the second derivative of s**4/12 - s**3 + 5*s**2 - 6*s. Let v be t(5). What is the greatest common factor of v and 20?
5
Let j = 179 + -35. Suppose 3*n - 9 + 3 = 0. Suppose -n*b + 5*b = 48. What is the greatest common factor of b and j?
16
Suppose 2*a + 130 = 7*a. What is the highest common divisor of 13 and a?
13
Let u be ((-605)/33)/(1/(-6)). Let t(j) = j**2 - 5*j - 2. Let w be t(-3). What is the greatest common divisor of u and w?
22
Let b(m) = -3*m - 5. Let r be b(-4). Suppose -62 = -5*n + 3*c, 2*c - r*c - 30 = -n. Calculate the highest common divisor of n and 70.
10
Let h(i) = 30*i**3 + i**2 - 1. Let b(j) = -j + 8. Let c be b(7). Let d be h(c). Let x be -3 - 0 - (-3 - d). Calculate the greatest common divisor of 12 and x.
6
Suppose 0 = a + 2*a + 36. Let s = 22 + a. Calculate the highest common factor of s and 10.
10
Let o be (-39)/30*-26 + 6/30. Calculate the greatest common divisor of 17 and o.
17
Suppose 5*v - 7 + 2 = 0, n - 2*v + 1 = 0. Let u(l) = l**3 - 3*l**2 + 2*l - 2. Let f be u(3). Calculate the highest common divisor of f and n.
1
Let w(t) = t**3 + 5*t**2 - 7*t - 2. Let r be w(-6). What is the highest common factor of r and 8?
4
Let z(a) = a**2 - 5*a + 3. Let b be z(6). Suppose 0 = b*x + 10 - 82. Suppose 5*i - 27 - 53 = 0. Calculate the greatest common factor of i and x.
8
Let q = 41 - 21. Suppose -5*v + 573 = 5*z - 207, -5*z = -q. What is the highest common divisor of v and 19?
19
Let b = -41 + 164. Let u = -68 + b. Calculate the highest common factor of 22 and u.
11
Let a = 303 + -286. Let z = -23 - -91. What is the highest common divisor of a and z?
17
Let k be 47 + ((-2)/(-2))/(-1). Suppose -3*m - k - 8 = 0. Let v be ((-4)/1)/(3/m). Calculate the greatest common factor of 36 and v.
12
Suppose -8 = -4*o + 20. Let k be (6/4)/(2/4). Suppose -z - o = -0*z + 5*a, -1 = k*z + 5*a. Calculate the highest common factor of z and 9.
3
Suppose 5*z - 4 = 7*z. Let b be z - 1 - (-41 + -2). Calculate the highest common factor of 100 and b.
20
Let c = 104 + 6. Let d(k) = -10*k. Let i be d(-1). What is the highest common factor of c and i?
10
Suppose 5*f + k = 35 + 26, -f + 4*k = -29. What is the highest common divisor of 104 and f?
13
Suppose -5*f = -f - 36. Suppose h + 2 = 6. Let a be -3*(-1)/(2/h). What is the greatest common factor of a and f?
3
Suppose 4 = 2*b + 2*b. Suppose -2*g + 3 = -b. Let q be 1 - (-65 + -2 + g). What is the greatest common factor of q and 6?
6
Let k = -3 + -1. Let u = k - -6. Suppose 49 + 51 = u*f. Calculate the highest common divisor of f and 20.
10
Suppose 3*z - 348 = 5*c + 162, 3*c = -4*z + 680. What is the highest common divisor of 17 and z?
17
Let x(o) be the first derivative of 25*o**2/2 + 3. Let d be x(3). Let q(h) = -h**3 + 15. Let c be q(0). What is the highest common divisor of c and d?
15
Suppose y - 37 = 3*r, -r + 3*r = -8. Suppose -q = -6*q + y. Let x = 85 - 80. What is the highest common divisor of x and q?
5
Let h = 10 - 12. Let a be h*9/4*-2. Calculate the greatest common factor of 18 and a.
9
Suppose 4*h - 2*s - 13 = -h, 5*h - 18 = -3*s. Let w(v) = -v + 3. Let q be w(2). What is the highest common divisor of h and q?
1
Let n = 140 + -84. Calculate the greatest common divisor of 28 and n.
28
Let h = -42 - -72. Let k be (-4)/(-16) - h/(-8). Let d be (-10)/k*4/(-5). Calculate the greatest common divisor of 2 and d.
2
Let x be 15/(-2)*8/(-6). Let a be 10*-10 + 0/1. Let q = 10 - a. What is the highest common factor of x and q?
10
Suppose -175 = 5*u - 0*u. Let n be ((-8)/6)/(12/(-558)). Let q = u + n. What is the greatest common factor of q and 18?
9
Let x be -11*(-4 + 3) - -1. Calculate the highest common divisor of x and 18.
6
Suppose -3*y + 0 + 4 = h, 5*y - 5*h = 0. Suppose m - 3 = -y. Suppose 6 = 5*p - 0*b + m*b, 5*b = -4*p - 2. What is the greatest common factor of 16 and p?
2
Suppose -4*t + 28 + 20 = 0. Calculate the highest common divisor of 132 and t.
12
Let v(b) = b + 1. Let y be v(8). Let t(o) = -o**3 + 10*o**2 - 8*o - 3. Let i be t(y). Let r = -53 + 83. What is the highest common factor of r and i?
6
Let z(w) = 23*w**3 + 2*w**2 - 3*w + 3. Let i be z(1). Calculate the highest common divisor of 35 and i.
5
Suppose -2*j = 4*z - 74, 5*j - 340 + 144 = z. Let n = 61 - j. What is the highest common factor of n and 2?
2
Let q(k) = -k + 4. Let j(v) = v - 6. Suppose -3*r + 2*r + 6 = 0. Let g be j(r). Let n be q(g). What is the greatest common factor of n and 4?
4
Let s(l) = 37*l - 12. Let v(i) = 6*i**2 - i - 1. Let n be v(-1). Let z be s(n). Calculate the greatest common factor of 35 and z.
35
Let m be 3 + -6 - 0 - 34. Let x = 65 + m. What is the greatest common factor of x and 4?
4
Suppose -5*n - 12 = 3*d - 31, 5*d - 25 = -5*n. Suppose -341 - 91 = -d*v. Suppose 4*c - 31 = 41. Calculate the highest common divisor of v and c.
18
Suppose 0 = -3*t + 5*j + 9, 3*t + 2*j - j = 9. Let n be 5*(-3 - (-18)/(-10)). Let p = -15 - n. Calculate the greatest common divisor of t and p.
3
Let m = 4 + -6. Let w be (m/7)/((-5)/35). Let d be 1/w - 1722/(-12). What is the highest common divisor of d and 16?
16
Let z be (-12)/(366/362 - 1). Let x be z/(-9) - 1/(-3). Calculate the highest common divisor of 11 and x.
11
Let o = -16 - -43. Let r = o + -17. Calculate the highest common factor of r and 50.
10
Let n(u) = u**2 - 3*u - 11. Let s be n(-11). What is the highest common factor of s and 13?
13
Let c(o) = 2*o**2 - 13*o + 2. Let k be c(8). Calculate the highest common factor of k and 13.
13
Let q be (-3*(-7)/21)/((-1)/(-3)). What is the highest common factor of q and 36?
3
Let d be (-8)/2*(-564)/48. What is the highest common factor of 235 and d?
47
Let l be -1*3*160/(-24). What is the highest common divisor of 5 and l?
5
Let s = 21 - 14. Let z = 0 + s. Suppose -p + 4 + z = 0. Calculate the highest common factor of 121 and p.
11
Let l be ((-39)/6 + 2)*-2. Let c = l + -5. Suppose 0 = -4*s + o + 34, 3*s + c*o = o + 18. What is the greatest common divisor of 32 and s?
8
Let i be 80/6*60/25. Suppose -h + 3*p + 12 + 59 = 0, -h - 3*p + 89 = 0. What is the greatest common factor of i and h?
16
Let j be 22 - 0 - 1/1. Suppose 5 = -g - 2*y, 4*g - 5*y + 2 = 34. Calculate the greatest common divisor of j and g.
3
Let d be -1 + 3 + 13 + -11. Let z be -3 - -6*3 - d. Calculate the highest common divisor of z and 22.
11
Suppose -2*v + 10*v - 400 = 0. What is the greatest common factor of 25 and v?
25
Suppose -5 = -t + 7. Calculate the greatest common factor of t and 4.
4
Suppose 288 = 13*c - 7*c. What is the greatest common divisor of c and 24?
24
Let k = -8 - -13. Suppose -a = -k*a + 48. Let x be (9/2)/(3/32). What is the highest common factor of a and x?
12
Let u be (-1 - 3 - -22)/1. Calculate the greatest common divisor of u and 36.
18
Let b(s) = -s**3 - 16*s**2 - 17*s + 9. Let m be b(-15). What is the greatest common factor of m and 13?
13
Suppose -602 = -b + 61. Suppose 4*s - b = -n, -2*s + 0*n + 327 = -n. What is the greatest common divisor of 15 and s?
15
Suppose 23 = 6*u - 181. Calculate the greatest common factor of u and 85.
17
Let z(c) = c + 11. Let o be z(7). What is the greatest common factor of o and 36?
18
Let v(n) = 4*n - 1. Let m be v(-1). Let u = m + 29. Let q(f) = f**2. Let g be q(4). Calculate the highest common divisor of g and u.
8
Suppose 3*i - 24 = -3*r - 9, -4*i + 2*r + 8 = 0. Suppose g = -i*g + 224. Calculate the greatest common divisor of 14 and g.
14
Suppose -72 = -4*k - 0*k. Suppose 0*t - 4*t + 18 = 3*v, 3*v = -5*t + k. Suppose 52 = b + 4*f, 0*f = -5*f + 5. Calculate the hi